.
354
Calculate the remainder when 66293540 is divided by 276.
272
Calculate the remainder when 236586 is divided by 78773.
267
What is the remainder when 450175 is divided by 541?
63
What is the remainder when 597339 is divided by 119465?
14
What is the remainder when 3951039 is divided by 564410?
169
What is the remainder when 2726071 is divided by 523?
195
What is the remainder when 106616 is divided by 97034?
9582
What is the remainder when 104625246 is divided by 2821?
2819
What is the remainder when 128110 is divided by 262?
254
Calculate the remainder when 135980 is divided by 119.
82
What is the remainder when 16979 is divided by 348?
275
What is the remainder when 50050 is divided by 1763?
686
Calculate the remainder when 382410 is divided by 2875.
35
What is the remainder when 5578624 is divided by 7350?
7324
Calculate the remainder when 5562363 is divided by 102.
99
Calculate the remainder when 1312889 is divided by 10.
9
Calculate the remainder when 146626 is divided by 10259.
3000
Calculate the remainder when 9866 is divided by 9857.
9
What is the remainder when 901173 is divided by 142?
41
Calculate the remainder when 56688 is divided by 330.
258
What is the remainder when 32287 is divided by 3393?
1750
Calculate the remainder when 1508306 is divided by 3835.
1151
Calculate the remainder when 123457 is divided by 711.
454
Calculate the remainder when 198477 is divided by 167.
81
Calculate the remainder when 11109716 is divided by 2777425.
16
What is the remainder when 1103934 is divided by 52565?
69
What is the remainder when 416385356 is divided by 66?
2
Calculate the remainder when 473900 is divided by 10302.
8
What is the remainder when 85532 is divided by 84747?
785
What is the remainder when 37614 is divided by 6117?
912
What is the remainder when 511601 is divided by 85184?
497
Calculate the remainder when 1950355 is divided by 7444.
27
What is the remainder when 2828374 is divided by 217567?
3
What is the remainder when 587022 is divided by 6676?
6210
Calculate the remainder when 409156 is divided by 428.
416
What is the remainder when 265388 is divided by 1101?
47
Calculate the remainder when 752144 is divided by 5876.
16
What is the remainder when 4025548 is divided by 18?
10
What is the remainder when 1173437 is divided by 5262?
11
What is the remainder when 114071 is divided by 13557?
5615
What is the remainder when 2077655 is divided by 28856?
23
What is the remainder when 343991 is divided by 10742?
247
Calculate the remainder when 30067 is divided by 30043.
24
Calculate the remainder when 26347 is divided by 6095.
1967
What is the remainder when 36224 is divided by 35859?
365
Calculate the remainder when 29050 is divided by 5387.
2115
What is the remainder when 124954795 is divided by 15417?
10
Calculate the remainder when 132961761 is divided by 12087432.
9
Calculate the remainder when 118981 is divided by 427.
275
Calculate the remainder when 12214586 is divided by 148.
146
What is the remainder when 114305 is divided by 14258?
241
Calculate the remainder when 2829132 is divided by 3679.
3660
Calculate the remainder when 411415229 is divided by 64.
61
Calculate the remainder when 19374416 is divided by 1263.
1259
What is the remainder when 586635 is divided by 6?
3
Calculate the remainder when 12178802 is divided by 12.
2
Calculate the remainder when 71567 is divided by 1174.
1127
Calculate the remainder when 54067644 is divided by 190379.
8
Calculate the remainder when 109239 is divided by 1840.
679
What is the remainder when 676037 is divided by 337793?
451
Calculate the remainder when 2587034 is divided by 165.
164
What is the remainder when 11102580 is divided by 1129?
1123
Calculate the remainder when 273024030 is divided by 32.
30
What is the remainder when 10098 is divided by 10094?
4
Calculate the remainder when 48417 is divided by 6700.
1517
Calculate the remainder when 393217 is divided by 15728.
17
Calculate the remainder when 581129 is divided by 668.
637
Calculate the remainder when 37397490 is divided by 2722.
2654
Calculate the remainder when 30218 is divided by 14886.
446
Calculate the remainder when 28427616 is divided by 53637.
6
What is the remainder when 19422701 is divided by 33?
23
Calculate the remainder when 3256455 is divided by 1121.
1071
Calculate the remainder when 712274 is divided by 307.
34
What is the remainder when 9059 is divided by 1482?
167
What is the remainder when 173043085 is divided by 609?
607
What is the remainder when 242560 is divided by 30314?
48
Calculate the remainder when 2471454 is divided by 1828.
1826
Calculate the remainder when 738612 is divided by 3604.
3396
Calculate the remainder when 35906 is divided by 92.
26
Calculate the remainder when 356323 is divided by 707.
702
Calculate the remainder when 2371800 is divided by 50463.
39
What is the remainder when 44024659 is divided by 3296?
3283
Calculate the remainder when 288478 is divided by 1169.
904
Calculate the remainder when 1919791 is divided by 854.
853
Calculate the remainder when 7623 is divided by 3354.
915
What is the remainder when 2341513 is divided by 4683?
13
Calculate the remainder when 22869 is divided by 867.
327
What is the remainder when 63508269 is divided by 6982?
6979
What is the remainder when 14739434 is divided by 1515?
1514
What is the remainder when 875925 is divided by 291278?
2091
What is the remainder when 64804 is divided by 13298?
11612
What is the remainder when 201193 is divided by 3004?
2929
Calculate the remainder when 4464047 is divided by 127.
124
What is the remainder when 44721621 is divided by 7453601?
15
What is the remainder when 4902386 is divided by 2425?
1461
Calculate the remainder when 72271 is divided by 4292.
3599
Calculate the remainder when 62213 is divided by 1881.
140
What is the remainder when 677950 is divided by 225880?
310
What is the remainder when 7730425 is divided by 3865197?
31
Calculate the remainder when 898579 is divided by 20.
19
Calculate the remainder when 284003 is divided by 1164.
1151
What is the remainder when 9283675 is divided by 27?
22
What is the remainder when 528949 is divided by 229?
188
Calculate the remainder when 55405 is divided by 4239.
298
Calculate the remainder when 122748 is divided by 122748.
0
What is the remainder when 87150063 is divided by 957693?
0
Calculate the remainder when 2125976 is divided by 62.
58
Calculate the remainder when 43692569 is divided by 19.
17
Calculate the remainder when 492470 is divided by 35.
20
Calculate the remainder when 8318344 is divided by 2020.
2004
What is the remainder when 17087749 is divided by 166?
41
What is the remainder when 130319102 is divided by 5?
2
What is the remainder when 228958 is divided by 1580?
1438
What is the remainder when 2935407 is divided by 1728?
1263
Calculate the remainder when 1297165 is divided by 116.
53
Calculate the remainder when 54234 is divided by 1233.
1215
What is the remainder when 10896169 is divided by 351484?
165
What is the remainder when 355137882 is divided by 4441?
4435
Calculate the remainder when 406634 is divided by 135474.
212
What is the remainder when 1110115 is divided by 574?
573
Calculate the remainder when 472315 is divided by 9068.
779
What is the remainder when 134311837 is divided by 416?
413
What is the remainder when 8847 is divided by 1765?
22
Calculate the remainder when 442624 is divided by 42.
28
What is the remainder when 167441 is divided by 41746?
457
What is the remainder when 422723 is divided by 133?
49
Calculate the remainder when 5649632 is divided by 33.
32
What is the remainder when 504684 is divided by 7532?
40
What is the remainder when 2755144 is divided by 162?
10
Calculate the remainder when 3888074 is divided by 560.
554
Calculate the remainder when 570660 is divided by 577.
7
What is the remainder when 2260095 is divided by 111?
24
Calculate the remainder when 355224 is divided by 8261.
1
Calculate the remainder when 15574530 is divided by 70.
20
Calculate the remainder when 2743801 is divided by 334.
325
What is the remainder when 31144 is divided by 7729?
228
What is the remainder when 66000588 is divided by 29?
10
What is the remainder when 308455 is divided by 411?
205
Calculate the remainder when